{"id":85,"date":"2014-04-21T10:40:25","date_gmt":"2014-04-21T08:40:25","guid":{"rendered":"http:\/\/industriekaufmann24.de.w011ba66.kasserver.com\/buerokaufmann24.de\/?page_id=85"},"modified":"2014-07-08T11:46:02","modified_gmt":"2014-07-08T09:46:02","slug":"berufsausbildungsbeihilfe","status":"publish","type":"page","link":"https:\/\/buerokaufmann24.de\/?page_id=85","title":{"rendered":"Berufsausbildungsbeihilfe"},"content":{"rendered":"<p><span style=\"font-size: medium;\">Die Ausbildung zum Industriekaufmann kann trotz Ausbildungsverg\u00fctung teuer werden. Bewerber aus industriearmen Regionen m\u00fcssen umziehen, um einen Ausbildungsplatz zum Industriekaufmann zu erhalten. Die Miete und Lebenshaltungskosten f\u00fchren zu einem gro\u00dfen Loch in der jungen Haushaltskasse. In diesem Fall kann unter bestimmten Voraussetzungen\u00a0eine finanzielle Unters\u00fctzung der Bundesagentur f\u00fcr Arbeit m\u00f6glich sein.\u00a0Ziel ist es hierbei die Aufnahme einer Berufsausbildung zu erleichtern.<\/span><\/p>\n<p><span style=\"font-size: medium;\">Allerdings wird bei der Berechnung der F\u00f6rderung die Ausbildungsverg\u00fctung sowie das Einkommen der Eltern angerechnet. F\u00fcr eine konkrete Berechnung k\u00f6nnen Interessenten\u00a0einen \u201cRechner\u201d unter\u00a0 <a href=\"http:\/\/babrechner.arbeitsagentur.de\/\"><span style=\"color: #810081;\">http:\/\/babrechner.arbeitsagentur.de\/<\/span><\/a>\u00a0 verwenden.<\/span><\/p>\n<p><span style=\"font-size: medium;\"><strong>Unser Fazit:<\/strong> Bei einem Umzug und \u201cknappem\u201d\u00a0Geld kann die Berufsausbildungsbeihilfe eine n\u00fctzliche Unterst\u00fctzung sein. Kinder reicher Eltern gehen (richtigerweise\u2026) leer aus.<\/span><\/p>\n","protected":false},"excerpt":{"rendered":"<p>Die Ausbildung zum Industriekaufmann kann trotz Ausbildungsverg\u00fctung teuer werden. Bewerber aus industriearmen Regionen m\u00fcssen umziehen, um einen Ausbildungsplatz zum Industriekaufmann zu erhalten. Die Miete und Lebenshaltungskosten f\u00fchren zu einem gro\u00dfen Loch in der jungen Haushaltskasse. In diesem Fall kann unter bestimmten Voraussetzungen\u00a0eine finanzielle Unters\u00fctzung der Bundesagentur f\u00fcr Arbeit m\u00f6glich sein.\u00a0Ziel ist es hierbei die Aufnahme [&hellip;]<\/p>\n","protected":false},"author":1,"featured_media":0,"parent":15,"menu_order":20,"comment_status":"closed","ping_status":"closed","template":"","meta":{"footnotes":""},"class_list":["post-85","page","type-page","status-publish","hentry"],"_links":{"self":[{"href":"https:\/\/buerokaufmann24.de\/index.php?rest_route=\/wp\/v2\/pages\/85","targetHints":{"allow":["GET"]}}],"collection":[{"href":"https:\/\/buerokaufmann24.de\/index.php?rest_route=\/wp\/v2\/pages"}],"about":[{"href":"https:\/\/buerokaufmann24.de\/index.php?rest_route=\/wp\/v2\/types\/page"}],"author":[{"embeddable":true,"href":"https:\/\/buerokaufmann24.de\/index.php?rest_route=\/wp\/v2\/users\/1"}],"replies":[{"embeddable":true,"href":"https:\/\/buerokaufmann24.de\/index.php?rest_route=%2Fwp%2Fv2%2Fcomments&post=85"}],"version-history":[{"count":2,"href":"https:\/\/buerokaufmann24.de\/index.php?rest_route=\/wp\/v2\/pages\/85\/revisions"}],"predecessor-version":[{"id":227,"href":"https:\/\/buerokaufmann24.de\/index.php?rest_route=\/wp\/v2\/pages\/85\/revisions\/227"}],"up":[{"embeddable":true,"href":"https:\/\/buerokaufmann24.de\/index.php?rest_route=\/wp\/v2\/pages\/15"}],"wp:attachment":[{"href":"https:\/\/buerokaufmann24.de\/index.php?rest_route=%2Fwp%2Fv2%2Fmedia&parent=85"}],"curies":[{"name":"wp","href":"https:\/\/api.w.org\/{rel}","templated":true}]}}