{"id":83,"date":"2014-04-21T10:40:03","date_gmt":"2014-04-21T08:40:03","guid":{"rendered":"http:\/\/industriekaufmann24.de.w011ba66.kasserver.com\/buerokaufmann24.de\/?page_id=83"},"modified":"2014-07-08T11:41:35","modified_gmt":"2014-07-08T09:41:35","slug":"bewertung-der-muendlichen-pruefung","status":"publish","type":"page","link":"https:\/\/buerokaufmann24.de\/?page_id=83","title":{"rendered":"Bewertung der m\u00fcndlichen Pr\u00fcfung"},"content":{"rendered":"<div><span style=\"font-size: medium;\">Nach welchen Kriterien werden die Teilnehmer der m\u00fcndlichen Pr\u00fcfung zum Industriekaufmann bewertet? Die folgenden Bewertungstabellen erleichtern den Pr\u00fcfern die Bewertung der zwei Pr\u00fcfungsteile \u201cPr\u00e4sentation\u201d und \u201cFachgespr\u00e4ch\u201d:<\/span><\/div>\n<div><span style=\"font-size: medium;\">Bewertungsschema f\u00fcr die <strong>Pr\u00e4sentation<\/strong><\/span><\/div>\n<div><span style=\"font-size: medium;\">\u00a0<\/span><\/div>\n<table border=\"1\" cellspacing=\"0\" cellpadding=\"0\">\n<tbody>\n<tr>\n<td width=\"92\">\n<div align=\"center\"><span style=\"font-size: medium;\"><strong>Note<\/strong><\/span><\/div>\n<\/td>\n<td width=\"92\">\n<div align=\"center\"><span style=\"font-size: medium;\"><strong>1<\/strong><\/span><\/div>\n<\/td>\n<td width=\"92\">\n<div align=\"center\"><span style=\"font-size: medium;\"><strong>2<\/strong><\/span><\/div>\n<\/td>\n<td width=\"92\">\n<div align=\"center\"><span style=\"font-size: medium;\"><strong>3<\/strong><\/span><\/div>\n<\/td>\n<td width=\"92\">\n<div align=\"center\"><span style=\"font-size: medium;\"><strong>4<\/strong><\/span><\/div>\n<\/td>\n<td width=\"92\">\n<div align=\"center\"><span style=\"font-size: medium;\"><strong>5<\/strong><\/span><\/div>\n<\/td>\n<td width=\"92\">\n<div align=\"center\"><span style=\"font-size: medium;\"><strong>6<\/strong><\/span><\/div>\n<\/td>\n<\/tr>\n<tr>\n<td width=\"92\">\n<div align=\"center\"><span style=\"font-size: medium;\">\u00a0<\/span><\/div>\n<div align=\"center\"><span style=\"font-size: medium;\"><strong>Punkte<\/strong><\/span><\/div>\n<div align=\"center\"><span style=\"font-size: medium;\">\u00a0<\/span><\/div>\n<\/td>\n<td width=\"92\">\n<div align=\"center\"><span style=\"font-size: medium;\"><strong>100-92<\/strong><\/span><\/div>\n<\/td>\n<td width=\"92\">\n<div align=\"center\"><span style=\"font-size: medium;\"><strong>91-81<\/strong><\/span><\/div>\n<\/td>\n<td width=\"92\">\n<div align=\"center\"><span style=\"font-size: medium;\"><strong>80-67<\/strong><\/span><\/div>\n<\/td>\n<td width=\"92\">\n<div align=\"center\"><span style=\"font-size: medium;\"><strong>66-50<\/strong><\/span><\/div>\n<\/td>\n<td width=\"92\">\n<div align=\"center\"><span style=\"font-size: medium;\"><strong>49-30<\/strong><\/span><\/div>\n<\/td>\n<td width=\"92\">\n<div align=\"center\"><span style=\"font-size: medium;\"><strong>29-0<\/strong><\/span><\/div>\n<\/td>\n<\/tr>\n<tr>\n<td valign=\"top\" width=\"92\">\n<div><span style=\"font-size: medium;\"><strong>Aufbau und inhaltliche<\/strong><\/span><\/div>\n<div><span style=\"font-size: medium;\"><strong>Struktur<\/strong><\/span><\/div>\n<div><span style=\"font-size: medium;\">&#8211; Sachliche Gliederung<\/span><\/div>\n<div><span style=\"font-size: medium;\">&#8211; Logik<\/span><\/div>\n<div><span style=\"font-size: medium;\">&#8211; Ziel-orientierung<\/span><\/div>\n<div><span style=\"font-size: medium;\">\u00a0<\/span><\/div>\n<\/td>\n<td valign=\"top\" width=\"92\">\n<div><span style=\"font-size: medium;\">optimal ange-passte<\/span><\/div>\n<div><span style=\"font-size: medium;\">Gliederung und<\/span><\/div>\n<div><span style=\"font-size: medium;\">logisch richtige<\/span><\/div>\n<div><span style=\"font-size: medium;\">Darstellung,<\/span><\/div>\n<div><span style=\"font-size: medium;\">streng ziel-orientiert<\/span><\/div>\n<div><span style=\"font-size: medium;\">\u00a0<\/span><\/div>\n<\/td>\n<td valign=\"top\" width=\"92\">\n<div><span style=\"font-size: medium;\">zweckm\u00e4\u00dfige<\/span><\/div>\n<div><span style=\"font-size: medium;\">Gliederung und<\/span><\/div>\n<div><span style=\"font-size: medium;\">logisch richtige<\/span><\/div>\n<div><span style=\"font-size: medium;\">Darstellung, zielorientiert<\/span><\/div>\n<div><span style=\"font-size: medium;\">\u00a0<\/span><\/div>\n<\/td>\n<td valign=\"top\" width=\"92\">\n<div><span style=\"font-size: medium;\">sinnvolle, jedoch nicht optimale<\/span><\/div>\n<div><span style=\"font-size: medium;\">Gliederung<\/span><\/div>\n<div><span style=\"font-size: medium;\">Darstellung<\/span><\/div>\n<div><span style=\"font-size: medium;\">im Allgemeinen<\/span><\/div>\n<div><span style=\"font-size: medium;\">logisch, Ziel-orientierung<\/span><\/div>\n<div><span style=\"font-size: medium;\">vorhanden<\/span><\/div>\n<div><span style=\"font-size: medium;\">\u00a0<\/span><\/div>\n<\/td>\n<td valign=\"top\" width=\"92\">\n<div><span style=\"font-size: medium;\">umst\u00e4ndlich,<\/span><\/div>\n<div><span style=\"font-size: medium;\">leichte Fehler in<\/span><\/div>\n<div><span style=\"font-size: medium;\">der logischen Darstellung,<\/span><\/div>\n<div><span style=\"font-size: medium;\">Zielorientierung<\/span><\/div>\n<div><span style=\"font-size: medium;\">erkennbar<\/span><\/div>\n<div><span style=\"font-size: medium;\">\u00a0<\/span><\/div>\n<\/td>\n<td valign=\"top\" width=\"92\">\n<div><span style=\"font-size: medium;\">sinnvolle Gliederung kaum erkenn-bar, teilweise<\/span><\/div>\n<div><span style=\"font-size: medium;\">logische Fehler,<\/span><\/div>\n<div><span style=\"font-size: medium;\">Zielorientierung<\/span><\/div>\n<div><span style=\"font-size: medium;\">kaum erkennbar<\/span><\/div>\n<div><span style=\"font-size: medium;\">\u00a0<\/span><\/div>\n<\/td>\n<td valign=\"top\" width=\"92\">\n<div><span style=\"font-size: medium;\">unsystematisch,<\/span><\/div>\n<div><span style=\"font-size: medium;\">unlogisch, zuf\u00e4llige Aneinanderreihung<\/span><\/div>\n<div><span style=\"font-size: medium;\">von Fakten,<\/span><\/div>\n<div><span style=\"font-size: medium;\">keine Ziel-orientierung<\/span><\/div>\n<div><span style=\"font-size: medium;\">\u00a0<\/span><\/div>\n<\/td>\n<\/tr>\n<tr>\n<td valign=\"top\" width=\"92\">\n<div><span style=\"font-size: medium;\"><strong>Sprachliche Gestaltung<\/strong><\/span><\/div>\n<div><span style=\"font-size: medium;\">&#8211; Ausdrucks-weise<\/span><\/div>\n<div><span style=\"font-size: medium;\">&#8211; Satzbau<\/span><\/div>\n<div><span style=\"font-size: medium;\">&#8211; Stil<\/span><\/div>\n<div><span style=\"font-size: medium;\">\u00a0<\/span><\/div>\n<\/td>\n<td valign=\"top\" width=\"92\">\n<div><span style=\"font-size: medium;\">Ausdrucksweise,<\/span><\/div>\n<div><span style=\"font-size: medium;\">Satzbau und Stil vorbildlich<\/span><\/div>\n<\/td>\n<td valign=\"top\" width=\"92\">\n<div><span style=\"font-size: medium;\">einwandfreie Ausdrucksweise, guter<\/span><\/div>\n<div><span style=\"font-size: medium;\">Satzbau und Stil<\/span><\/div>\n<div><span style=\"font-size: medium;\">\u00a0<\/span><\/div>\n<\/td>\n<td valign=\"top\" width=\"92\">\n<div><span style=\"font-size: medium;\">Ausdrucksweise<\/span><\/div>\n<div><span style=\"font-size: medium;\">weitgehend passend, meist richtiger Satzbau, fl\u00fcssiger<\/span><\/div>\n<div><span style=\"font-size: medium;\">Stil<\/span><\/div>\n<div><span style=\"font-size: medium;\">\u00a0<\/span><\/div>\n<\/td>\n<td valign=\"top\" width=\"92\">\n<div><span style=\"font-size: medium;\">leichte Schw\u00e4chen<\/span><\/div>\n<div><span style=\"font-size: medium;\">in der Aus-drucksweise,<\/span><\/div>\n<div><span style=\"font-size: medium;\">Satzbau teilweise fehlerhaft, teilweise stilistische<\/span><\/div>\n<div><span style=\"font-size: medium;\">Fehler<\/span><\/div>\n<div><span style=\"font-size: medium;\">\u00a0<\/span><\/div>\n<\/td>\n<td valign=\"top\" width=\"92\">\n<div><span style=\"font-size: medium;\">erhebliche<\/span><\/div>\n<div><span style=\"font-size: medium;\">Schw\u00e4chen in der Ausdrucksweise, grobe Fehler im Satzbau, erhebliche<\/span><\/div>\n<div><span style=\"font-size: medium;\">stilistische<\/span><\/div>\n<div><span style=\"font-size: medium;\">Fehler<\/span><\/div>\n<div><span style=\"font-size: medium;\">\u00a0<\/span><\/div>\n<\/td>\n<td valign=\"top\" width=\"92\">\n<div><span style=\"font-size: medium;\">unverst\u00e4ndliche<\/span><\/div>\n<div><span style=\"font-size: medium;\">Ausdrucksweise, grobe Fehler im Satzbau, geringer<\/span><\/div>\n<div><span style=\"font-size: medium;\">Wortschatz<\/span><\/div>\n<div><span style=\"font-size: medium;\">\u00a0<\/span><\/div>\n<\/td>\n<\/tr>\n<tr>\n<td valign=\"top\" width=\"92\">\n<div><span style=\"font-size: medium;\"><strong>Zielgruppengerechte<\/strong><\/span><\/div>\n<div><span style=\"font-size: medium;\"><strong>Darstellung<\/strong><\/span><\/div>\n<div><span style=\"font-size: medium;\">&#8211; Visualisierung,<\/span><\/div>\n<div><span style=\"font-size: medium;\">&#8211; K\u00f6rpersprache<\/span><\/div>\n<\/td>\n<td valign=\"top\" width=\"92\">\n<div><span style=\"font-size: medium;\">durchg\u00e4ngig situationsgerecht,<\/span><\/div>\n<div><span style=\"font-size: medium;\">pr\u00e4gnant, immer optimal zum Inhalt<\/span><\/div>\n<div><span style=\"font-size: medium;\">passend<\/span><\/div>\n<\/td>\n<td valign=\"top\" width=\"92\">\n<div><span style=\"font-size: medium;\">situationsgerecht<\/span><\/div>\n<div><span style=\"font-size: medium;\">pr\u00e4gnant und dem Inhalt angemessen<\/span><\/div>\n<div><span style=\"font-size: medium;\">\u00a0<\/span><\/div>\n<\/td>\n<td valign=\"top\" width=\"92\">\n<div><span style=\"font-size: medium;\">\u00fcberwiegend situationsgerecht, meist passend zum Inhalt<\/span><\/div>\n<div><span style=\"font-size: medium;\">\u00a0<\/span><\/div>\n<\/td>\n<td valign=\"top\" width=\"92\">\n<div><span style=\"font-size: medium;\">im allgemeinen<\/span><\/div>\n<div><span style=\"font-size: medium;\">nicht situations-gerecht oder<\/span><\/div>\n<div><span style=\"font-size: medium;\">schlecht zum Inhalt passend aber trotzdem verst\u00e4ndlich<\/span><\/div>\n<div><span style=\"font-size: medium;\">\u00a0<\/span><\/div>\n<\/td>\n<td valign=\"top\" width=\"92\">\n<div><span style=\"font-size: medium;\">im allgemeinen<\/span><\/div>\n<div><span style=\"font-size: medium;\">nicht situations-gerecht oder<\/span><\/div>\n<div><span style=\"font-size: medium;\">schlecht zum Inhalt passend, so dass die Verst\u00e4ndlichkeit<\/span><\/div>\n<div><span style=\"font-size: medium;\">leidet<\/span><\/div>\n<div><span style=\"font-size: medium;\">\u00a0<\/span><\/div>\n<\/td>\n<td valign=\"top\" width=\"92\">\n<div><span style=\"font-size: medium;\">Visualisierung<\/span><\/div>\n<div><span style=\"font-size: medium;\">falsch oder fehlend,<\/span><\/div>\n<div><span style=\"font-size: medium;\">verwirrende<\/span><\/div>\n<div><span style=\"font-size: medium;\">unangemessene<\/span><\/div>\n<div><span style=\"font-size: medium;\">Darstellung<\/span><\/div>\n<div><span style=\"font-size: medium;\">\u00a0<\/span><\/div>\n<div><span style=\"font-size: medium;\">\u00a0<\/span><\/div>\n<\/td>\n<\/tr>\n<\/tbody>\n<\/table>\n<div><span style=\"font-size: medium;\">\u00a0<\/span><\/div>\n<div><span style=\"font-size: medium;\">Quelle: IHK Nordwestfalen, 2004<br \/>\n<\/span><\/div>\n<div><span style=\"font-size: medium;\">Bewertungsschema f\u00fcr das <strong>Fachgespr\u00e4ch<\/strong><\/span><\/div>\n<div><span style=\"font-size: medium;\">\u00a0<\/span><\/div>\n<table border=\"1\" cellspacing=\"0\" cellpadding=\"0\">\n<tbody>\n<tr>\n<td width=\"103\">\n<div align=\"center\"><span style=\"font-size: medium;\"><strong>Note<\/strong><\/span><\/div>\n<\/td>\n<td width=\"103\">\n<div align=\"center\"><span style=\"font-size: medium;\"><strong>1<\/strong><\/span><\/div>\n<\/td>\n<td width=\"103\">\n<div align=\"center\"><span style=\"font-size: medium;\"><strong>2<\/strong><\/span><\/div>\n<\/td>\n<td width=\"103\">\n<div align=\"center\"><span style=\"font-size: medium;\"><strong>3<\/strong><\/span><\/div>\n<\/td>\n<td width=\"103\">\n<div align=\"center\"><span style=\"font-size: medium;\"><strong>4<\/strong><\/span><\/div>\n<\/td>\n<td width=\"103\">\n<div align=\"center\"><span style=\"font-size: medium;\"><strong>5<\/strong><\/span><\/div>\n<\/td>\n<td width=\"103\">\n<div align=\"center\"><span style=\"font-size: medium;\"><strong>6<\/strong><\/span><\/div>\n<\/td>\n<\/tr>\n<tr>\n<td width=\"103\">\n<div align=\"center\"><span style=\"font-size: medium;\">\u00a0<\/span><\/div>\n<div align=\"center\"><span style=\"font-size: medium;\"><strong>Punkte<\/strong><\/span><\/div>\n<div align=\"center\"><span style=\"font-size: medium;\">\u00a0<\/span><\/div>\n<\/td>\n<td width=\"103\">\n<div align=\"center\"><span style=\"font-size: medium;\"><strong>100-92<\/strong><\/span><\/div>\n<\/td>\n<td width=\"103\">\n<div align=\"center\"><span style=\"font-size: medium;\"><strong>91-81<\/strong><\/span><\/div>\n<\/td>\n<td width=\"103\">\n<div align=\"center\"><span style=\"font-size: medium;\"><strong>80-67<\/strong><\/span><\/div>\n<\/td>\n<td width=\"103\">\n<div align=\"center\"><span style=\"font-size: medium;\"><strong>66-50<\/strong><\/span><\/div>\n<\/td>\n<td width=\"103\">\n<div align=\"center\"><span style=\"font-size: medium;\"><strong>49-30<\/strong><\/span><\/div>\n<\/td>\n<td width=\"103\">\n<div align=\"center\"><span style=\"font-size: medium;\"><strong>29-0<\/strong><\/span><\/div>\n<\/td>\n<\/tr>\n<tr>\n<td valign=\"top\" width=\"103\">\n<div><span style=\"font-size: medium;\"><strong>Beherrschung des f\u00fcr die Fachaufgabe<\/strong><\/span><\/div>\n<div><span style=\"font-size: medium;\"><strong>relevanten<\/strong><\/span><\/div>\n<div><span style=\"font-size: medium;\"><strong>Fachhinter-grundes<\/strong><\/span><\/div>\n<div><span style=\"font-size: medium;\">\u00a0<\/span><\/div>\n<\/td>\n<td valign=\"top\" width=\"103\">\n<div><span style=\"font-size: medium;\">wird sicher und<\/span><\/div>\n<div><span style=\"font-size: medium;\">\u00fcberzeugend beherrscht<\/span><\/div>\n<div><span style=\"font-size: medium;\">\u00a0<\/span><\/div>\n<\/td>\n<td valign=\"top\" width=\"103\">\n<div><span style=\"font-size: medium;\">wird beherrscht<\/span><\/div>\n<\/td>\n<td valign=\"top\" width=\"103\">\n<div><span style=\"font-size: medium;\">wird im Allgemeinen<\/span><\/div>\n<div><span style=\"font-size: medium;\">beherrscht<\/span><\/div>\n<div><span style=\"font-size: medium;\">\u00a0<\/span><\/div>\n<\/td>\n<td valign=\"top\" width=\"103\">\n<div><span style=\"font-size: medium;\">wird im allgemeinen<\/span><\/div>\n<div><span style=\"font-size: medium;\">beherrscht,<\/span><\/div>\n<div><span style=\"font-size: medium;\">wenige Zusammenh\u00e4nge werden aber falsch oder<\/span><\/div>\n<div><span style=\"font-size: medium;\">nicht erkannt<\/span><\/div>\n<div><span style=\"font-size: medium;\">\u00a0<\/span><\/div>\n<\/td>\n<td valign=\"top\" width=\"103\">\n<div><span style=\"font-size: medium;\">wird nicht sicher<\/span><\/div>\n<div><span style=\"font-size: medium;\">beherrscht, Zusammenh\u00e4nge werden oft falsch oder nicht erkannt<\/span><\/div>\n<div><span style=\"font-size: medium;\">wird nicht beherrscht<\/span><\/div>\n<div><span style=\"font-size: medium;\">\u00a0<\/span><\/div>\n<\/td>\n<td valign=\"top\" width=\"103\">\n<div><span style=\"font-size: medium;\">Zusammenh\u00e4nge werden<\/span><\/div>\n<div><span style=\"font-size: medium;\">im Allgemeinen<\/span><\/div>\n<div><span style=\"font-size: medium;\">nicht oder falsch erkannt<\/span><\/div>\n<div><span style=\"font-size: medium;\">\u00a0<\/span><\/div>\n<\/td>\n<\/tr>\n<tr>\n<td valign=\"top\" width=\"103\">\n<div><span style=\"font-size: medium;\"><strong>Einordnung der<\/strong><\/span><\/div>\n<div><span style=\"font-size: medium;\"><strong>Fachaufgabe in Gesamt-zusammen-h\u00e4nge<\/strong><\/span><\/div>\n<div><span style=\"font-size: medium;\">\u00a0<\/span><\/div>\n<div><span style=\"font-size: medium;\">\u00a0<\/span><\/div>\n<\/td>\n<td valign=\"top\" width=\"103\">\n<div><span style=\"font-size: medium;\">erfolgt selbstst\u00e4ndig<\/span><\/div>\n<div><span style=\"font-size: medium;\">und sicher<\/span><\/div>\n<div><span style=\"font-size: medium;\">\u00a0<\/span><\/div>\n<\/td>\n<td valign=\"top\" width=\"103\">\n<div><span style=\"font-size: medium;\">erfolgt sicher<\/span><\/div>\n<\/td>\n<td valign=\"top\" width=\"103\">\n<div><span style=\"font-size: medium;\">erfolgt fast immer<\/span><\/div>\n<div><span style=\"font-size: medium;\">richtig<\/span><\/div>\n<div><span style=\"font-size: medium;\">\u00a0<\/span><\/div>\n<\/td>\n<td valign=\"top\" width=\"103\">\n<div><span style=\"font-size: medium;\">erfolgt im Allgemeinen<\/span><\/div>\n<div><span style=\"font-size: medium;\">richtig<\/span><\/div>\n<\/td>\n<td valign=\"top\" width=\"103\">\n<div><span style=\"font-size: medium;\">selbst einfache<\/span><\/div>\n<div><span style=\"font-size: medium;\">Gesamtzusammen-h\u00e4nge<\/span><\/div>\n<div><span style=\"font-size: medium;\">werden nicht immer richtig<\/span><\/div>\n<div><span style=\"font-size: medium;\">gesehen<\/span><\/div>\n<div><span style=\"font-size: medium;\">\u00a0<\/span><\/div>\n<\/td>\n<td valign=\"top\" width=\"103\">\n<div><span style=\"font-size: medium;\">selbst einfache<\/span><\/div>\n<div><span style=\"font-size: medium;\">Gesamtzusammen-h\u00e4nge<\/span><\/div>\n<div><span style=\"font-size: medium;\">werden nicht gesehen<\/span><\/div>\n<div><span style=\"font-size: medium;\">\u00a0<\/span><\/div>\n<\/td>\n<\/tr>\n<tr>\n<td valign=\"top\" width=\"103\">\n<div><span style=\"font-size: medium;\"><strong>Erl\u00e4uterung von<\/strong><\/span><\/div>\n<div><span style=\"font-size: medium;\"><strong>Hintergr\u00fcnden<\/strong><\/span><\/div>\n<div><span style=\"font-size: medium;\">\u00a0<\/span><\/div>\n<\/td>\n<td valign=\"top\" width=\"103\">\n<div><span style=\"font-size: medium;\">fachliche Argu-mente und Begr\u00fcndungen<\/span><\/div>\n<div><span style=\"font-size: medium;\">werden immer richtig und \u00fcberzeugend<\/span><\/div>\n<div><span style=\"font-size: medium;\">vorgetragen<\/span><\/div>\n<div><span style=\"font-size: medium;\">\u00a0<\/span><\/div>\n<\/td>\n<td valign=\"top\" width=\"103\">\n<div><span style=\"font-size: medium;\">fachliche Argu-mente und Begr\u00fcndungen<\/span><\/div>\n<div><span style=\"font-size: medium;\">werden sicher und richtig vorgetragen<\/span><\/div>\n<div><span style=\"font-size: medium;\">\u00a0<\/span><\/div>\n<\/td>\n<td valign=\"top\" width=\"103\">\n<div><span style=\"font-size: medium;\">fachliche Argu-mente und Begr\u00fcndungen<\/span><\/div>\n<div><span style=\"font-size: medium;\">werden richtig und \u00fcberwiegend angemessen<\/span><\/div>\n<div><span style=\"font-size: medium;\">vorgetragen<\/span><\/div>\n<div><span style=\"font-size: medium;\">\u00a0<\/span><\/div>\n<\/td>\n<td valign=\"top\" width=\"103\">\n<div><span style=\"font-size: medium;\">fachliche Argu-mente und Begr\u00fcndungen<\/span><\/div>\n<div><span style=\"font-size: medium;\">werden zwar meist richtig, aber oft unangemessen<\/span><\/div>\n<div><span style=\"font-size: medium;\">vorgetragen<\/span><\/div>\n<div><span style=\"font-size: medium;\">\u00a0<\/span><\/div>\n<\/td>\n<td valign=\"top\" width=\"103\">\n<div><span style=\"font-size: medium;\">fachliche Argu-mente und Begr\u00fcndungen<\/span><\/div>\n<div><span style=\"font-size: medium;\">werden nur teilweise richtig und um-st\u00e4ndlich oder unangemessen<\/span><\/div>\n<div><span style=\"font-size: medium;\">vorgetragen<\/span><\/div>\n<div><span style=\"font-size: medium;\">\u00a0<\/span><\/div>\n<\/td>\n<td valign=\"top\" width=\"103\">\n<div><span style=\"font-size: medium;\">fachliche Argumente und Begr\u00fcndungen<\/span><\/div>\n<div><span style=\"font-size: medium;\">werden meist falsch, nicht oder unange-messen<\/span><\/div>\n<div><span style=\"font-size: medium;\">vorgetragen<\/span><\/div>\n<div><span style=\"font-size: medium;\">\u00a0<\/span><\/div>\n<\/td>\n<\/tr>\n<tr>\n<td valign=\"top\" width=\"103\">\n<div><span style=\"font-size: medium;\"><strong>Bewertung der Ergebnisse<\/strong><\/span><\/div>\n<div><span style=\"font-size: medium;\">\u00a0<\/span><\/div>\n<\/td>\n<td valign=\"top\" width=\"103\">\n<div><span style=\"font-size: medium;\">Ergebnisse werden<\/span><\/div>\n<div><span style=\"font-size: medium;\">fachlich \u00fcberzeugend<\/span><\/div>\n<div><span style=\"font-size: medium;\">dargestellt<\/span><\/div>\n<\/td>\n<td valign=\"top\" width=\"103\">\n<div><span style=\"font-size: medium;\">Ergebnisse werden<\/span><\/div>\n<div><span style=\"font-size: medium;\">fachlich einwandfrei<\/span><\/div>\n<div><span style=\"font-size: medium;\">dargestellt<\/span><\/div>\n<div><span style=\"font-size: medium;\">\u00a0<\/span><\/div>\n<\/td>\n<td valign=\"top\" width=\"103\">\n<div><span style=\"font-size: medium;\">Ergebnisse werden meist fachlich<\/span><\/div>\n<div><span style=\"font-size: medium;\">angemessen dargestellt<\/span><\/div>\n<div><span style=\"font-size: medium;\">\u00a0<\/span><\/div>\n<\/td>\n<td valign=\"top\" width=\"103\">\n<div><span style=\"font-size: medium;\">Ergebnisse werden fachlich im Allgemeinen richtig dargestellt<\/span><\/div>\n<div><span style=\"font-size: medium;\">\u00a0<\/span><\/div>\n<\/td>\n<td valign=\"top\" width=\"103\">\n<div><span style=\"font-size: medium;\">die fachliche Darstellung der Ergebnisse<\/span><\/div>\n<div><span style=\"font-size: medium;\">\u00fcberzeugt im Allgemeinen<\/span><\/div>\n<div><span style=\"font-size: medium;\">nicht<\/span><\/div>\n<div><span style=\"font-size: medium;\">\u00a0<\/span><\/div>\n<\/td>\n<td valign=\"top\" width=\"103\">\n<div><span style=\"font-size: medium;\">Ergebnisse k\u00f6nnen nicht fachlich einwandfrei dargestellt<\/span><\/div>\n<div><span style=\"font-size: medium;\">werden<\/span><\/div>\n<\/td>\n<\/tr>\n<\/tbody>\n<\/table>\n<div><span style=\"font-size: medium;\">\u00a0<\/span><\/div>\n<p><span style=\"font-size: medium;\">Quelle: IHK Nordwestfalen, 2004<\/span><\/p>\n","protected":false},"excerpt":{"rendered":"<p>Nach welchen Kriterien werden die Teilnehmer der m\u00fcndlichen Pr\u00fcfung zum Industriekaufmann bewertet? Die folgenden Bewertungstabellen erleichtern den Pr\u00fcfern die Bewertung der zwei Pr\u00fcfungsteile \u201cPr\u00e4sentation\u201d und \u201cFachgespr\u00e4ch\u201d: Bewertungsschema f\u00fcr die Pr\u00e4sentation \u00a0 Note 1 2 3 4 5 6 \u00a0 Punkte \u00a0 100-92 91-81 80-67 66-50 49-30 29-0 Aufbau und inhaltliche Struktur &#8211; Sachliche Gliederung &#8211; [&hellip;]<\/p>\n","protected":false},"author":1,"featured_media":0,"parent":15,"menu_order":15,"comment_status":"closed","ping_status":"closed","template":"","meta":{"footnotes":""},"class_list":["post-83","page","type-page","status-publish","hentry"],"_links":{"self":[{"href":"https:\/\/buerokaufmann24.de\/index.php?rest_route=\/wp\/v2\/pages\/83","targetHints":{"allow":["GET"]}}],"collection":[{"href":"https:\/\/buerokaufmann24.de\/index.php?rest_route=\/wp\/v2\/pages"}],"about":[{"href":"https:\/\/buerokaufmann24.de\/index.php?rest_route=\/wp\/v2\/types\/page"}],"author":[{"embeddable":true,"href":"https:\/\/buerokaufmann24.de\/index.php?rest_route=\/wp\/v2\/users\/1"}],"replies":[{"embeddable":true,"href":"https:\/\/buerokaufmann24.de\/index.php?rest_route=%2Fwp%2Fv2%2Fcomments&post=83"}],"version-history":[{"count":2,"href":"https:\/\/buerokaufmann24.de\/index.php?rest_route=\/wp\/v2\/pages\/83\/revisions"}],"predecessor-version":[{"id":223,"href":"https:\/\/buerokaufmann24.de\/index.php?rest_route=\/wp\/v2\/pages\/83\/revisions\/223"}],"up":[{"embeddable":true,"href":"https:\/\/buerokaufmann24.de\/index.php?rest_route=\/wp\/v2\/pages\/15"}],"wp:attachment":[{"href":"https:\/\/buerokaufmann24.de\/index.php?rest_route=%2Fwp%2Fv2%2Fmedia&parent=83"}],"curies":[{"name":"wp","href":"https:\/\/api.w.org\/{rel}","templated":true}]}}